 (-1 + 0)/(a - 4). Suppose -p - h = -4. List the prime factors of p.
3
Let j(d) = 5*d**2 - 5*d + 1. What are the prime factors of j(-6)?
211
Let f(r) be the first derivative of -r**3/3 - 5*r**2 - 7*r - 1. Let d be f(-9). Let u = 4 - d. What are the prime factors of u?
2
Let m be 6*(2/(-2))/2. List the prime factors of ((-14)/m)/((-4)/(-6)).
7
Suppose h = 2*h. Suppose 3*j - 72 - 6 = h. List the prime factors of j.
2, 13
Let a = 134 - -150. What are the prime factors of a?
2, 71
Let c(d) = -d**2 + 3*d + 3. What are the prime factors of c(2)?
5
Let k(y) = 3 + 9*y**3 + 2*y + 2*y**2 - 12*y**3 - 4*y**2. List the prime factors of k(-2).
3, 5
Suppose -8*i + 9*i = 79. List the prime factors of i.
79
Let i(a) = 2*a + 2. Let k be i(3). Suppose 4*t + 8 - 32 = 0. Let s = k - t. What are the prime factors of s?
2
Let a(r) be the first derivative of 2 + 1/3*r**3 - 4*r - 1/2*r**2. List the prime factors of a(-4).
2
Let v(x) = -x**2 - 4*x + 11*x - 6 + 0 + 4*x. What are the prime factors of v(7)?
2, 11
Suppose -9*s + 13*s = 216. What are the prime factors of s?
2, 3
List the prime factors of 16/(-88) - 222/(-11).
2, 5
Let c(s) = 8*s**2 - s - 2. Let n be c(2). Let q = 34 - 34. Suppose q = 5*u - n - 42. What are the prime factors of u?
2, 7
Suppose -2*m = -169 - 163. What are the prime factors of m?
2, 83
Let o(y) = y**3 - 3*y**2 - 3*y - 1. Let s be o(4). Suppose h + 20 = t, t + s*h = -4*t + 68. List the prime factors of t.
2
Suppose -2*a = 2*x + x - 234, 585 = 5*a - x. List the prime factors of a.
3, 13
Let c be (10/4)/5*-38. What are the prime factors of 1*(0 - 1)*c?
19
Let u(x) = 5*x - 6. List the prime factors of u(6).
2, 3
Let v(j) = -10*j - 3. Let g be v(-8). Let f be (-6)/(-9) + 1/3. List the prime factors of g/28 - f/(-4).
3
Suppose 0 = -4*k + 3*g - 1, -2*k - 3*g = k - 15. Suppose -4*r + k*r = -22. List the prime factors of r.
11
Let h = -2 - -12. What are the prime factors of h?
2, 5
Let z(l) = 2*l**2 - l - 10. What are the prime factors of z(5)?
5, 7
What are the prime factors of (26/(-39))/(2/(-9))?
3
Let c(p) = 2*p**3 - p**2 + p. Let r be c(2). Let t = r - 6. List the prime factors of t.
2
Let g(a) be the third derivative of 3*a**5/10 + a**4/12 - a**3/6 - 5*a**2. Let z(p) = -p**3 - 5*p**2 + 5*p - 5. Let t be z(-6). List the prime factors of g(t).
19
Suppose 0 = -5*r + 20, 2*f = -2*r - 1 - 9. Let j = -6 - f. Suppose -j*b - 50 = -7*b - 2*n, -5*b + 2*n + 49 = 0. List the prime factors of b.
11
Let s(u) = u - 2. Let d be s(4). Let v be (53/d)/(2/4). Let m = v + -38. List the prime factors of m.
3, 5
Let u = 266 + -145. What are the prime factors of u?
11
Let c(d) = -13*d - 8. What are the prime factors of c(-5)?
3, 19
Suppose -58 = -4*i - 5*c, -9 = -4*i + 3*c + 33. List the prime factors of i.
2, 3
What are the prime factors of (4 + 0)*5 + 2?
2, 11
Let g = 7 - 9. Suppose 4*w + 20 = 0, 5*o - 2*o + 4*w + 5 = 0. Let s = o + g. What are the prime factors of s?
3
Let w be (-8)/(-4)*(-70)/(-4). Let u(a) = -a**2 - 3*a + 3. Let p be u(-3). Suppose -n - p*x + 25 + 0 = 0, -3*x = -5*n + w. What are the prime factors of n?
2, 5
Let u = 149 + -27. What are the prime factors of u?
2, 61
Let f = 111 + -19. List the prime factors of f.
2, 23
Let v(a) = -1 + 3*a**3 - 3 + a - 2*a**3 + 2 + 5*a**2. List the prime factors of v(-3).
13
Let q = -4 - -3. Let s(p) = 11*p**3 + p**2 + p + 1. Let n be s(q). Let k = n + 14. What are the prime factors of k?
2
Let n = 4 - -136. List the prime factors of n.
2, 5, 7
Let b(x) = x**3 + 11*x**2 - 18*x + 23. List the prime factors of b(-12).
5, 19
Let s(y) = -y**3 + 4*y**2 + 7*y - 5. List the prime factors of s(4).
23
Let o be ((-9)/2 + 2)*50. List the prime factors of (-2)/(-3) + o/(-15).
3
Suppose 2*f - 4 + 16 = 0. Let d(t) = -t**3 - 6*t**2 - t. Let r be d(-6). List the prime factors of (-2)/r*(f - 0).
2
Let v(c) = 5*c - 1. Let b(n) = n - 1. Let s(q) = 4*b(q) - v(q). Let t be s(-4). Let f = t + 8. What are the prime factors of f?
3
Let p = 5 - -5. What are the prime factors of 24/p*(-20)/(-3)?
2
Let x be 0 - ((-4)/2 + 1). Let c(p) = 5*p - 1. Let j be c(x). Suppose -2*l = 0, -3*l = j*v + 2*l - 8. List the prime factors of v.
2
List the prime factors of (7 - -57) + (3 - 2) + -1.
2
Let x be (2 + -3 - -2)*0. Suppose -c + x*g + g - 5 = 0, -1 = -c + 4*g. Let f(u) = -2*u + 1. What are the prime factors of f(c)?
3, 5
Suppose -3*j + 9 + 0 = 0. Suppose -q - v = -j, 5*q - 5*v - 3 = 2. What are the prime factors of 24*4*q/12?
2
Let g(c) = -12*c**3 - 3*c**2. Let k be g(-2). Suppose 4 = -4*y + 4*i - k, 0 = 4*y + i + 88. What are the prime factors of y/(-1)*(-2)/(-4)?
11
Suppose -3*g - 2*g = -85. List the prime factors of g.
17
Let r = 85 - 17. List the prime factors of r.
2, 17
Suppose 0 = -3*b - 11*n + 7*n + 562, 0 = 4*b + n - 771. What are the prime factors of b?
2, 97
Let x = -10 + 27. Suppose -3*p + 40 = -x. Suppose 4*a - 2*f = -8 + 22, -2*a - 3*f = -p. List the prime factors of a.
5
Suppose -6*y + 2*y + 96 = -3*k, 3*y - 72 = -2*k. What are the prime factors of y?
2, 3
Let i(b) = -b**2 + 7*b + 15. Let x be i(7). What are the prime factors of 70/2*24/x?
2, 7
Let x = -8 + 14. Let m = -3 + x. What are the prime factors of m?
3
Suppose -2*q = 3*q - 15. Suppose 0 = q*h + 21 - 60. List the prime factors of h.
13
Let z(u) = u**3 - 8*u**2 + 7*u - 12. List the prime factors of z(8).
2, 11
Suppose 5*c = 3*c + 5*a - 6, 5*c - 20 = -5*a. Suppose -82 = -z - 2*b, -c*z + 2*b + 0*b = -146. Suppose 3*m + z = 7*m. What are the prime factors of m?
19
Let w(l) be the first derivative of -l**4/4 - 8*l**3/3 - 3*l**2 + 9*l - 5. Suppose m = -2*m - 21. What are the prime factors of w(m)?
2
Let u = -2 - -7. Let y be (-3)/((-15)/(-8))*u. What are the prime factors of y/(-24) + 118/6?
2, 5
Let n = 106 + -52. What are the prime factors of n?
2, 3
Let o be 2 - -5 - 4/2. What are the prime factors of (-144)/(-10) - 2/o?
2, 7
Let o(a) = 2*a**3 + 3*a**2 + 5*a. Suppose 3*v + d = -2*v + 1, -3*v + 4*d + 19 = 0. Let y(f) = f**3. Let x(i) = v*o(i) - 3*y(i). List the prime factors of x(4).
2
Suppose -5*j + 0*j = -425. List the prime factors of j.
5, 17
Let f(d) = -d - 3. Suppose 5*j - 4*c = -33, 7 = 3*c + 1. Let p be f(j). Let w = 1 + p. List the prime factors of w.
3
Let f be 0*((-2)/4)/(-1). Let d(r) = -6*r - 5. Let u be d(-2). Let p = f + u. What are the prime factors of p?
7
Suppose -2*a - 2*j = 2*j - 2, -5*j - 30 = -4*a. Suppose 2*x - 5 = a. List the prime factors of x.
5
Suppose 5*d - 9*d + 1264 = 0. List the prime factors of d.
2, 79
Suppose -86 = -35*u + 34*u. What are the prime factors of u?
2, 43
Suppose 8 - 2 = -j. Let g be 20/j*9/(-3). Suppose -g = -n - 4*n. What are the prime factors of n?
2
Let j be (11 + -9)*2/1. Let v be 12/10*(-30 - 0). What are the prime factors of 2/j + v/(-8)?
5
Suppose 5*v + 49 = 309. List the prime factors of v.
2, 13
Let a(n) = -n**3 - 6*n**2 - n - 4. Let m be a(-6). Suppose -t = -5*s - 0 + 2, 4*t - m*s = 64. What are the prime factors of t?
2, 3
Let g be (-47 - 3) + -1 + 1. Let o = 73 + g. What are the prime factors of o?
23
Let n = 6 + -3. Suppose -n*v = 3*d - 45, -50 = -5*v - 3*d + 15. What are the prime factors of v?
2, 5
Suppose -u = -4*y - 3*u + 32, 4*u + 53 = 5*y. What are the prime factors of y?
3
Suppose 0 = -0*m - m + 1. Let o be 6/(m - -2 - 2). Suppose -2*d = o - 14. What are the prime factors of d?
2
Let n = -81 + 113. Let k be n/12 + 2/(-3). Suppose k*v - 5*v = -12. List the prime factors of v.
2
Let w = -11 + 16. Suppose 93 = 3*y + 2*b + b, 0 = -2*y + w*b + 69. List the prime factors of y.
2
Suppose -2*n - 2*g = -14, 0 = 4*g - 2*g - 8. Suppose 0 = -3*p + n, -8*r - 5*p = -3*r - 50. What are the prime factors of r?
3
Let s(u) = u**2 + 3*u - 5. Let o be s(-4). What are the prime factors of (17 - (o - 2)) + 3?
23
Let x = -17 + 28. Let v(y) = 0*y - x + 4*y - 4*y + 3*y. What are the prime factors of v(8)?
13
Let a(l) = l**3 - 6*l**2 + l - 7. Let v be a(5). List the prime factors of 1/2 + v/(-2).
2, 7
Let k(j) = j**3 + 8*j**2 + 10*j + 7. List the prime factors of k(-6).
19
Let r be 3*(3 + 24/(-9)). Suppose -3*y - r = -13. Let f(n) = 2*n. What are the prime factors of f(y)?
2
Let d(i) be the second derivative of -i**6/240 - 7*i**5/120 + i**4/12 - i. Let t(x) be the third derivative of d(x). List the prime factors of t(-6).
11
Let m(j) = -